{"id":1294,"date":"2023-06-24T15:37:11","date_gmt":"2023-06-24T18:37:11","guid":{"rendered":"https:\/\/epba-sal.infd.edu.ar\/sitio\/?page_id=1294"},"modified":"2026-02-11T12:35:47","modified_gmt":"2026-02-11T15:35:47","slug":"examenes-finales","status":"publish","type":"page","link":"https:\/\/epba-sal.infd.edu.ar\/sitio\/examenes-finales\/","title":{"rendered":"Ex\u00e1menes Finales"},"content":{"rendered":"\n<p>INSCRIPCION A EXAMEN FINAL &#8211; TURNO ORDINARIO FEBRERO-MARZO 2026<\/p>\n\n\n\n<hr class=\"wp-block-separator has-alpha-channel-opacity\"\/>\n\n\n\n<figure class=\"wp-block-table aligncenter\"><table><tbody><tr><td>LLAMADO<\/td><td>INSCRIPCION<\/td><\/tr><tr><td>1er LLAMADO. TURNO ORDINARIO FEBRERO-MARZO 2026<\/td><td>02, 03 y 04\/02\/2026<\/td><\/tr><tr><td>2do LLAMADO. TURNO ORDINARIO FEBRERO-MARZO 2026<\/td><td>13 al 17\/02\/2026<\/td><\/tr><\/tbody><\/table><\/figure>\n\n\n\n<p class=\"has-text-align-center has-text-color\" style=\"color:#da4040\"><strong>NOTA:<\/strong> Para la inscripci\u00f3n a examen, se solicitar\u00e1 un aporte de $3000.- que se abonar\u00e1 por turno de examen.<\/p>\n\n\n\n<p><strong>FORMULARIOS DE INSCRIPCI\u00d3N<\/strong>: <\/p>\n\n\n\n<p><strong>Profesorado de Educaci\u00f3n Superior en Artes Visuales con Orientaci\u00f3n en Pintura, Escultura, Grabado Arte Impreso o Cer\u00e1mica<\/strong><\/p>\n\n\n\n<p><a href=\"https:\/\/forms.gle\/VtGdFh7pRNMuCLx69\">https:\/\/forms.gle\/VtGdFh7pRNMuCLx69<\/a><\/p>\n\n\n\n<p><strong>Tecnicatura en Dise\u00f1o Gr\u00e1fico<\/strong><\/p>\n\n\n\n<p><a href=\"https:\/\/forms.gle\/5t9Pr7HTPdKZRmc1A\">https:\/\/forms.gle\/5t9Pr7HTPdKZRmc1A<\/a><\/p>\n\n\n\n<p><strong>Tecnicatura en Artes Textiles<\/strong><\/p>\n\n\n\n<p><a href=\"https:\/\/forms.gle\/HMsymwSCLvNaioiX9\">https:\/\/forms.gle\/HMsymwSCLvNaioiX9<\/a><\/p>\n\n\n\n<p><strong>Tecnicatura en Artes Textiles Resol. 89\/24 (PLAN NUEVO)<\/strong><\/p>\n\n\n\n<p><a href=\"https:\/\/forms.gle\/Afwydmhm2FpyGSwf8\">https:\/\/forms.gle\/Afwydmhm2FpyGSwf8<\/a><\/p>\n","protected":false},"excerpt":{"rendered":"<p>INSCRIPCION A EXAMEN FINAL &#8211; TURNO ORDINARIO FEBRERO-MARZO 2026 LLAMADO INSCRIPCION 1er LLAMADO. TURNO ORDINARIO FEBRERO-MARZO 2026 02, 03 y 04\/02\/2026 2do LLAMADO. TURNO ORDINARIO FEBRERO-MARZO 2026 13 al 17\/02\/2026 NOTA: Para la inscripci\u00f3n a examen, se solicitar\u00e1 un aporte de $3000.- que se abonar\u00e1 por turno de examen. FORMULARIOS DE INSCRIPCI\u00d3N: Profesorado de Educaci\u00f3n &#8230; <a title=\"Ex\u00e1menes Finales\" class=\"read-more\" href=\"https:\/\/epba-sal.infd.edu.ar\/sitio\/examenes-finales\/\" aria-label=\"More on Ex\u00e1menes Finales\">[+]<\/a><\/p>\n","protected":false},"author":232,"featured_media":0,"parent":0,"menu_order":0,"comment_status":"closed","ping_status":"closed","template":"","meta":[],"acf":[],"_links":{"self":[{"href":"https:\/\/epba-sal.infd.edu.ar\/sitio\/wp-json\/wp\/v2\/pages\/1294"}],"collection":[{"href":"https:\/\/epba-sal.infd.edu.ar\/sitio\/wp-json\/wp\/v2\/pages"}],"about":[{"href":"https:\/\/epba-sal.infd.edu.ar\/sitio\/wp-json\/wp\/v2\/types\/page"}],"author":[{"embeddable":true,"href":"https:\/\/epba-sal.infd.edu.ar\/sitio\/wp-json\/wp\/v2\/users\/232"}],"replies":[{"embeddable":true,"href":"https:\/\/epba-sal.infd.edu.ar\/sitio\/wp-json\/wp\/v2\/comments?post=1294"}],"version-history":[{"count":25,"href":"https:\/\/epba-sal.infd.edu.ar\/sitio\/wp-json\/wp\/v2\/pages\/1294\/revisions"}],"predecessor-version":[{"id":1567,"href":"https:\/\/epba-sal.infd.edu.ar\/sitio\/wp-json\/wp\/v2\/pages\/1294\/revisions\/1567"}],"wp:attachment":[{"href":"https:\/\/epba-sal.infd.edu.ar\/sitio\/wp-json\/wp\/v2\/media?parent=1294"}],"curies":[{"name":"wp","href":"https:\/\/api.w.org\/{rel}","templated":true}]}}