{"id":740,"date":"2018-08-31T14:34:07","date_gmt":"2018-08-31T17:34:07","guid":{"rendered":"https:\/\/epba-sal.infd.edu.ar\/sitio\/informacion-para-alumnos\/"},"modified":"2023-03-17T17:23:32","modified_gmt":"2023-03-17T20:23:32","slug":"informacion-para-alumnos","status":"publish","type":"page","link":"https:\/\/epba-sal.infd.edu.ar\/sitio\/informacion-para-alumnos\/","title":{"rendered":"Desbloqueo de NETBOOK"},"content":{"rendered":"<h2 style=\"text-align: center;\"><\/h2>\n<p>Si necesitas desbloquear tu netbook , ahora pod\u00e9s hacerlo\u00a0<a href=\"http:\/\/planeamiento.edusalta.gov.ar\/facilitadores\/desbloqueo\"><strong>completando un formulario sencillo<\/strong><\/a>.<\/p>\n<p>Antes de iniciar, ten\u00e9s que tener encendida la computadora y avanzar sobre:<\/p>\n<ul>\n<li><strong>Datos de contacto<\/strong>: F\u00edjate que sean exactos para as\u00ed poder comunicarnos<\/li>\n<li><strong>Instituci\u00f3n<\/strong>\u00a0donde:\n<ul>\n<li>Si sos docente: te dieron la netbook.<\/li>\n<li>Si sos estudiante: actualmente cursas.<\/li>\n<\/ul>\n<\/li>\n<li><strong>Datos t\u00e9cnicos<\/strong>\u00a0que est\u00e1n en la pantalla de Bloqueo. No dejes de leer atentamente todos los ejemplos y orientaciones que te ofrece el formulario para su llenado.<\/li>\n<\/ul>\n<p>Una vez enviada la solicitud, te llegar\u00e1 dentro de los pr\u00f3ximos 5 d\u00edas h\u00e1biles y al correo electr\u00f3nico que nos facilitaste; las indicaciones para que puedas volver a poner en funcionamiento tu netbook.<\/p>\n<h3 style=\"text-align: center;\"><a href=\"http:\/\/www.edusalta.gov.ar:60020\/\"><img decoding=\"async\" loading=\"lazy\" class=\"alignnone wp-image-986\" src=\"https:\/\/epba-sal.infd.edu.ar\/sitio\/wp-content\/uploads\/2020\/05\/conectar.jpg\" alt=\"\" width=\"397\" height=\"232\" \/><\/a><\/h3>\n<h3><em>Ante cualquier duda, ponte en contacto con el RTI de la Instituci\u00f3n.<\/em><\/h3>\n","protected":false},"excerpt":{"rendered":"<p>Si necesitas desbloquear tu netbook , ahora pod\u00e9s hacerlo\u00a0completando un formulario sencillo. Antes de iniciar, ten\u00e9s que tener encendida la computadora y avanzar sobre: Datos de contacto: F\u00edjate que sean exactos para as\u00ed poder comunicarnos Instituci\u00f3n\u00a0donde: Si sos docente: te dieron la netbook. Si sos estudiante: actualmente cursas. Datos t\u00e9cnicos\u00a0que est\u00e1n en la pantalla de &#8230; <a title=\"Desbloqueo de NETBOOK\" class=\"read-more\" href=\"https:\/\/epba-sal.infd.edu.ar\/sitio\/informacion-para-alumnos\/\" aria-label=\"More on Desbloqueo de NETBOOK\">[+]<\/a><\/p>\n","protected":false},"author":77,"featured_media":0,"parent":0,"menu_order":0,"comment_status":"closed","ping_status":"closed","template":"","meta":[],"acf":[],"_links":{"self":[{"href":"https:\/\/epba-sal.infd.edu.ar\/sitio\/wp-json\/wp\/v2\/pages\/740"}],"collection":[{"href":"https:\/\/epba-sal.infd.edu.ar\/sitio\/wp-json\/wp\/v2\/pages"}],"about":[{"href":"https:\/\/epba-sal.infd.edu.ar\/sitio\/wp-json\/wp\/v2\/types\/page"}],"author":[{"embeddable":true,"href":"https:\/\/epba-sal.infd.edu.ar\/sitio\/wp-json\/wp\/v2\/users\/77"}],"replies":[{"embeddable":true,"href":"https:\/\/epba-sal.infd.edu.ar\/sitio\/wp-json\/wp\/v2\/comments?post=740"}],"version-history":[{"count":39,"href":"https:\/\/epba-sal.infd.edu.ar\/sitio\/wp-json\/wp\/v2\/pages\/740\/revisions"}],"predecessor-version":[{"id":1276,"href":"https:\/\/epba-sal.infd.edu.ar\/sitio\/wp-json\/wp\/v2\/pages\/740\/revisions\/1276"}],"wp:attachment":[{"href":"https:\/\/epba-sal.infd.edu.ar\/sitio\/wp-json\/wp\/v2\/media?parent=740"}],"curies":[{"name":"wp","href":"https:\/\/api.w.org\/{rel}","templated":true}]}}